n factor of 6524869 and 1222?
611
What is the highest common factor of 4708876 and 16?
4
Calculate the greatest common factor of 320 and 1552400.
80
Calculate the highest common factor of 71840 and 1800490.
4490
Calculate the highest common divisor of 6049794 and 16498.
226
What is the highest common factor of 65016 and 3577256?
344
Calculate the greatest common divisor of 42 and 3476186.
14
What is the highest common factor of 20660 and 216780?
20
Calculate the greatest common factor of 2646 and 13670559.
1323
Calculate the highest common divisor of 7528 and 836.
4
What is the greatest common divisor of 34200 and 492252?
228
What is the greatest common divisor of 23313279 and 165?
33
Calculate the highest common factor of 818357550 and 1818.
606
Calculate the highest common divisor of 1776 and 143475344.
592
What is the greatest common factor of 4580 and 393355132?
916
Calculate the greatest common factor of 573696 and 1512.
216
What is the greatest common factor of 9859291 and 4313?
227
What is the greatest common factor of 8004 and 194919411?
2001
What is the highest common factor of 235029696 and 1824?
1824
What is the highest common factor of 224 and 4070640?
112
What is the greatest common divisor of 1172895101 and 6454?
3227
Calculate the greatest common factor of 18545290 and 295.
5
Calculate the greatest common divisor of 451 and 12862817.
11
What is the highest common divisor of 11844 and 1904910?
1974
What is the highest common divisor of 4740 and 79316?
316
Calculate the highest common factor of 162 and 32228316.
18
What is the highest common divisor of 58254 and 197904?
798
What is the greatest common divisor of 58 and 15218678?
58
Calculate the greatest common factor of 285456 and 4750.
38
Calculate the greatest common factor of 139893425 and 136.
17
What is the highest common factor of 5593875 and 1575?
525
Calculate the greatest common factor of 403891567 and 788.
197
Calculate the highest common factor of 268 and 20681627.
67
Calculate the highest common factor of 477 and 48505706.
53
Calculate the highest common factor of 7221 and 7187302.
2407
Calculate the greatest common factor of 33 and 15016133.
11
What is the highest common divisor of 4014 and 3703361?
223
Calculate the highest common divisor of 282978 and 25122.
474
Calculate the greatest common divisor of 8 and 100204504.
8
What is the highest common divisor of 110040 and 222?
6
Calculate the highest common divisor of 102 and 251988297.
51
Calculate the highest common factor of 16031682 and 29646.
486
Calculate the highest common factor of 220 and 159858020.
20
What is the highest common factor of 204 and 10783746?
102
What is the highest common divisor of 188106 and 7296330?
642
Calculate the highest common factor of 184185 and 38835.
45
Calculate the greatest common divisor of 329749 and 7709653.
2023
Calculate the greatest common factor of 35991 and 4346541.
837
What is the highest common factor of 139 and 2329838353?
139
Calculate the highest common factor of 4563 and 1285319529.
4563
What is the greatest common divisor of 92963472 and 2696?
2696
What is the greatest common divisor of 2870011 and 403?
31
Calculate the greatest common divisor of 1468143 and 81.
9
What is the greatest common divisor of 11504 and 1379335352?
5752
Calculate the highest common divisor of 5160 and 7624416.
1032
Calculate the highest common divisor of 11564423 and 871.
13
Calculate the highest common divisor of 264915 and 1492920.
1305
Calculate the highest common factor of 27684 and 129546.
18
Calculate the highest common divisor of 2976040 and 352970.
470
What is the greatest common factor of 120 and 2482800?
120
What is the greatest common factor of 1261494 and 324?
162
Calculate the greatest common factor of 768 and 33379008.
192
Calculate the greatest common factor of 17505 and 4110.
15
What is the greatest common divisor of 15489236 and 8288?
1036
Calculate the greatest common divisor of 1247 and 182853845.
1247
Calculate the highest common divisor of 527 and 35945089.
527
Calculate the greatest common divisor of 1719 and 9279544.
191
What is the greatest common divisor of 265 and 310955?
5
What is the highest common divisor of 8240825 and 37111?
2183
What is the highest common factor of 11258108 and 164?
164
What is the highest common divisor of 1911 and 7093380?
21
Calculate the greatest common divisor of 5472833 and 11749.
31
Calculate the greatest common divisor of 30 and 3884030.
10
Calculate the highest common divisor of 24 and 149280984.
24
Calculate the greatest common factor of 4 and 112682308.
4
Calculate the greatest common divisor of 4674 and 93174632.
1558
Calculate the highest common divisor of 2802164 and 14056.
1004
Calculate the greatest common divisor of 1160324 and 18.
2
Calculate the greatest common factor of 310183217 and 29.
29
Calculate the greatest common factor of 383118 and 438.
6
What is the highest common factor of 26172 and 38789812?
2908
What is the greatest common divisor of 230416 and 32?
16
What is the greatest common factor of 810 and 51086340?
90
Calculate the highest common factor of 5871 and 87120387.
309
What is the greatest common divisor of 50863 and 447355?
19
What is the greatest common divisor of 550 and 1129222600?
550
Calculate the greatest common divisor of 39296 and 86656.
128
What is the highest common factor of 2316795 and 9265?
545
What is the highest common divisor of 62300616 and 2016?
168
What is the greatest common divisor of 6038497 and 2984?
373
Calculate the greatest common factor of 15261967 and 63.
7
What is the highest common factor of 4377449 and 17?
17
What is the greatest common divisor of 394156 and 33964?
28
Calculate the greatest common divisor of 14881477 and 10019.
233
Calculate the greatest common divisor of 82644771 and 19535.
3907
What is the highest common divisor of 60 and 300864140?
20
What is the greatest common factor of 133300220 and 110?
10
Calculate the greatest common factor of 882905 and 1069230.
145
What is the highest common divisor of 10115 and 1571745?
35
Calculate the highest common divisor of 25319934 and 9.
9
Calculate the highest common divisor of 266 and 31628198.
266
Calculate the greatest common divisor of 88852 and 188696.
916
What is the greatest common factor of 242 and 94411460?
242
What is the greatest common factor of 403836489 and 196?
49
Calculate the greatest common divisor of 23569500 and 5700.
5700
Calculate the highest common factor of 90677961 and 9801.
891
Calculate the greatest common factor of 24650 and 253100.
50
What is the highest common factor of 30879 and 1611?
9
Calculate the greatest common factor of 6103 and 152734037.
359
What is the highest common divisor of 68868 and 1708309?
1913
Calculate the greatest common divisor of 524992 and 6838.
26
What is the greatest common divisor of 26768 and 9868788?
956
Calculate the highest common divisor of 499 and 34047269.
499
Calculate the greatest common divisor of 81750 and 153.
3
Calculate the highest common factor of 10678 and 8818904.
562
Calculate the greatest common factor of 93879 and 41310237.
3477
What is the highest common divisor of 6471654 and 1050?
42
What is the greatest common divisor of 27130906 and 44?
22
What is the highest common divisor of 10794 and 66906?
42
Calculate the highest common divisor of 215586 and 20937861.
3717
Calculate the highest common divisor of 5329449 and 81.
27
Calculate the greatest common divisor of 8030704 and 112079.
4873
Calculate the greatest common factor of 50902583 and 3569.
43
What is the highest common divisor of 549995157 and 54?
27
What is the greatest common factor of 254 and 651637?
127
What is the greatest common divisor of 210912 and 219531?
507
Calculate the greatest common divisor of 558120 and 600.
120
Calculate the highest common factor of 334240060 and 26299.
2023
Calculate the greatest common divisor of 1176 and 3419136.
168
What is the greatest common divisor of 15 and 381526035?
15
What is the greatest common divisor of 1268256 and 16104?
264
Calculate the highest common factor of 552 and 804984.
24
Calculate the highest common divisor of 7595 and 154105.
245
Calculate the greatest common divisor of 5137104 and 1008.
336
What is the highest common factor of 